{"id":126,"date":"2011-11-18T01:52:05","date_gmt":"2011-11-18T01:52:05","guid":{"rendered":"http:\/\/www.signosis.openworks.gr\/wastereuse\/?page_id=126"},"modified":"2011-12-09T00:40:56","modified_gmt":"2011-12-09T00:40:56","slug":"action-1-project-management-by-tuc-%e2%80%93-in-progress","status":"publish","type":"page","link":"https:\/\/es.wastereuse.eu\/?page_id=126","title":{"rendered":"ACTUACI\u00d3N 1: Gesti\u00f3n del proyecto a cargo de la Universidad T\u00e9cnica de Creta\u2013 En marcha"},"content":{"rendered":"<p>Beneficiario responsable: Universidad t\u00e9cnica de Creta<\/p>\n<p>Esta actuaci\u00f3n incluye actividades relacionadas con la gesti\u00f3n del proyecto (aspectos administrativos, t\u00e9cnicos y financieros) y con el cumplimiento de las obligaciones de informaci\u00f3n asociadas a LIFE+. La estructura de gesti\u00f3n del proyecto se muestra en la Figura 1.<\/p>\n<p style=\"text-align: center;\"><img decoding=\"async\" loading=\"lazy\" class=\"aligncenter size-medium wp-image-130\" title=\"act1\" src=\"http:\/\/www.wastereuse.eu\/es\/wp-content\/uploads\/2011\/11\/image006.jpg\" alt=\"\" width=\"480\" height=\"356\" \/><\/p>\n","protected":false},"excerpt":{"rendered":"<p>Beneficiario responsable: Universidad t\u00e9cnica de Creta Esta actuaci\u00f3n incluye actividades relacionadas con la gesti\u00f3n del proyecto (aspectos administrativos, t\u00e9cnicos y financieros) y con el cumplimiento de las obligaciones de informaci\u00f3n asociadas a LIFE+. La estructura de gesti\u00f3n del proyecto se muestra en la Figura 1.<\/p>\n","protected":false},"author":1,"featured_media":0,"parent":35,"menu_order":0,"comment_status":"open","ping_status":"open","template":"","meta":[],"_links":{"self":[{"href":"https:\/\/es.wastereuse.eu\/index.php?rest_route=\/wp\/v2\/pages\/126"}],"collection":[{"href":"https:\/\/es.wastereuse.eu\/index.php?rest_route=\/wp\/v2\/pages"}],"about":[{"href":"https:\/\/es.wastereuse.eu\/index.php?rest_route=\/wp\/v2\/types\/page"}],"author":[{"embeddable":true,"href":"https:\/\/es.wastereuse.eu\/index.php?rest_route=\/wp\/v2\/users\/1"}],"replies":[{"embeddable":true,"href":"https:\/\/es.wastereuse.eu\/index.php?rest_route=%2Fwp%2Fv2%2Fcomments&post=126"}],"version-history":[{"count":4,"href":"https:\/\/es.wastereuse.eu\/index.php?rest_route=\/wp\/v2\/pages\/126\/revisions"}],"predecessor-version":[{"id":149,"href":"https:\/\/es.wastereuse.eu\/index.php?rest_route=\/wp\/v2\/pages\/126\/revisions\/149"}],"up":[{"embeddable":true,"href":"https:\/\/es.wastereuse.eu\/index.php?rest_route=\/wp\/v2\/pages\/35"}],"wp:attachment":[{"href":"https:\/\/es.wastereuse.eu\/index.php?rest_route=%2Fwp%2Fv2%2Fmedia&parent=126"}],"curies":[{"name":"wp","href":"https:\/\/api.w.org\/{rel}","templated":true}]}}