{"id":151,"date":"2011-11-18T01:59:02","date_gmt":"2011-11-18T01:59:02","guid":{"rendered":"http:\/\/www.signosis.openworks.gr\/wastereuse\/?page_id=151"},"modified":"2011-12-08T22:53:16","modified_gmt":"2011-12-08T22:53:16","slug":"action-10-networking","status":"publish","type":"page","link":"https:\/\/es.wastereuse.eu\/?page_id=151","title":{"rendered":"ACTUACI\u00d3N 10: Red de cooperaci\u00f3n"},"content":{"rendered":"<p>Beneficiario responsable: <span style=\"text-decoration: underline;\">Signosis Sprl.<\/span><\/p>\n<p>La interconexi\u00f3n o <em>networking<\/em> es una parte esencial del proyecto que \u00a0comenzar\u00e1 en una etapa temprana de \u00e9ste, concretamente en el mes 2. El proyecto promover\u00e1 la formulaci\u00f3n de interconexiones cient\u00edficas internacionales para capitalizarlas a fin de difundir m\u00e1s eficazmente los nuevos enfoques innovadores entre la sociedad. Igualmente, al \u201dtraducir\u201d los resultados tecnol\u00f3gicos cient\u00edficos al \u201clenguaje de las pol\u00edticas\u201d, se crear\u00e1 el entorno necesario para que los pol\u00edticos est\u00e9n informados y basen sus decisiones en evidencias cient\u00edficas, aspecto que sin duda tiene una importancia significativa en la vida de los ciudadanos europeos. Adem\u00e1s, los pol\u00edticos podr\u00e1n tomar mejores decisiones al tener en cuenta las preocupaciones y valores de la ciudadan\u00eda.<\/p>\n","protected":false},"excerpt":{"rendered":"<p>Beneficiario responsable: Signosis Sprl. La interconexi\u00f3n o networking es una parte esencial del proyecto que \u00a0comenzar\u00e1 en una etapa temprana de \u00e9ste, concretamente en el mes 2. El proyecto promover\u00e1 la formulaci\u00f3n de interconexiones cient\u00edficas internacionales para capitalizarlas a fin de difundir m\u00e1s eficazmente los nuevos enfoques innovadores entre la sociedad. Igualmente, al \u201dtraducir\u201d los [&hellip;]<\/p>\n","protected":false},"author":1,"featured_media":0,"parent":35,"menu_order":0,"comment_status":"open","ping_status":"open","template":"","meta":[],"_links":{"self":[{"href":"https:\/\/es.wastereuse.eu\/index.php?rest_route=\/wp\/v2\/pages\/151"}],"collection":[{"href":"https:\/\/es.wastereuse.eu\/index.php?rest_route=\/wp\/v2\/pages"}],"about":[{"href":"https:\/\/es.wastereuse.eu\/index.php?rest_route=\/wp\/v2\/types\/page"}],"author":[{"embeddable":true,"href":"https:\/\/es.wastereuse.eu\/index.php?rest_route=\/wp\/v2\/users\/1"}],"replies":[{"embeddable":true,"href":"https:\/\/es.wastereuse.eu\/index.php?rest_route=%2Fwp%2Fv2%2Fcomments&post=151"}],"version-history":[{"count":3,"href":"https:\/\/es.wastereuse.eu\/index.php?rest_route=\/wp\/v2\/pages\/151\/revisions"}],"predecessor-version":[{"id":160,"href":"https:\/\/es.wastereuse.eu\/index.php?rest_route=\/wp\/v2\/pages\/151\/revisions\/160"}],"up":[{"embeddable":true,"href":"https:\/\/es.wastereuse.eu\/index.php?rest_route=\/wp\/v2\/pages\/35"}],"wp:attachment":[{"href":"https:\/\/es.wastereuse.eu\/index.php?rest_route=%2Fwp%2Fv2%2Fmedia&parent=151"}],"curies":[{"name":"wp","href":"https:\/\/api.w.org\/{rel}","templated":true}]}}