{"id":152,"date":"2011-11-18T02:00:42","date_gmt":"2011-11-18T02:00:42","guid":{"rendered":"http:\/\/www.signosis.openworks.gr\/wastereuse\/?page_id=152"},"modified":"2011-12-09T00:44:10","modified_gmt":"2011-12-09T00:44:10","slug":"action-11-project-monitoring","status":"publish","type":"page","link":"https:\/\/es.wastereuse.eu\/?page_id=152","title":{"rendered":"ACTUACI\u00d3N 11: Vigilancia del proyecto"},"content":{"rendered":"<p>Beneficiario responsable: <span style=\"text-decoration: underline;\">Universidad t\u00e9cnica de Creta<em><\/em><\/span><\/p>\n<p>La vigilancia del proyecto tendr\u00e1 una duraci\u00f3n de 48 meses (duraci\u00f3n completa del proyecto) y se organizar\u00e1 en cinco niveles: el Comit\u00e9 de Direcci\u00f3n, el Comit\u00e9 de Vigilancia, el Comit\u00e9 T\u00e9cnico, el Comit\u00e9 de Difusi\u00f3n y los L\u00edderes del Grupo de Beneficiarios (Fig. 2). El objetivo es medir y documentar la efectividad de las actuaciones del proyecto comparando su desarrollo con la situaci\u00f3n inicial, los objetivos, los resultados esperados y el impacto medioambiental.<\/p>\n<p><img decoding=\"async\" class=\"aligncenter size-large wp-image-156\" title=\"image003\" src=\"http:\/\/www.wastereuse.eu\/es\/wp-content\/uploads\/2011\/11\/image008.jpg\" alt=\"\" width=\"500\" \/><\/p>\n<p><strong>&#8211; Comit\u00e9 de Direcci\u00f3n: <\/strong>\u00a0El Comit\u00e9 es el \u00f3rgano de arbitraje y toma de decisiones responsable de las pol\u00edticas y estrategias generales del proyecto (supervisi\u00f3n de la implantaci\u00f3n del programa de trabajo, revisi\u00f3n y evaluaci\u00f3n de los resultados del proyecto y de la consecuci\u00f3n de los hitos y objetivos, evaluaci\u00f3n de la efectividad de las acciones del proyecto y del impacto medioambiental, consultando los informes del Comit\u00e9 de Vigilancia (Seguimiento), lanzando las acciones pertinentes en caso de desviaciones, as\u00ed como validando los informes, procedimientos a seguir, y las pol\u00edticas de gesti\u00f3n del conocimiento). El Comit\u00e9 est\u00e1 compuesto del representante de m\u00e1s alto nivel de cada socio (Prof. K. Komnitsas, Dr. T. Hern\u00e1ndez, Dr. F. Tinivella, Dr. Luca Medini, Sra. E. Tavlaki), quienes son adem\u00e1s responsables de gestionar las partes del proyecto que les han sido asignadas. La presidencia del Comit\u00e9 la ejerce el coordinador.<\/p>\n<p><strong>&#8211; Comit\u00e9 de Vigilancia (Seguimiento): <\/strong>Este Comit\u00e9, responsable de supervisar el cumplimiento de los protocolos de vigilancia para cada acci\u00f3n y de controlar los indicadores de vigilancia y las fuentes de verificaci\u00f3n, est\u00e1 compuesto de tres miembros, uno de cada pa\u00eds. La presidencia de este Comit\u00e9 la ejerce un director de vigilancia (Dra. M<sup>a<\/sup>.T. Hern\u00e1ndez &#8211; CEBAS). Los tres miembros tienen la potestad para contactar personalmente al director t\u00e9cnico y de difusi\u00f3n, as\u00ed como para recabar informaci\u00f3n relacionada con la implantaci\u00f3n de las actuaciones del proyecto, la efectividad de la difusi\u00f3n, la consecuci\u00f3n de los hitos y objetivos, y la efectividad de las acciones del proyecto y del impacto medioambiental. El Comit\u00e9 de Vigilancia informa al Comit\u00e9 de Direcci\u00f3n y al Coordinador, realiza consultas sobre los datos recabados y propone acciones para el futuro.<\/p>\n<p><strong>&#8211; Comit\u00e9 T\u00e9cnico:<\/strong> Est\u00e1 compuesto por los L\u00edderes del Grupo de Beneficiarios, y presidido por el Director T\u00e9cnico (Dr. Federico Tinivella-CERSAA). Las responsabilidades del Comit\u00e9 T\u00e9cnico incluyen: la definici\u00f3n, asignaci\u00f3n y supervisi\u00f3n de todas las acciones y sus resultados, la implantaci\u00f3n de acciones de acuerdo con el programa, el env\u00edo de los entregables, el cumplimiento de los hitos, la ejecuci\u00f3n de los protocolos en los plazos fijados, el cumplimiento con los objetivos del programa, y la entrega de informaci\u00f3n al Comit\u00e9 de Direcci\u00f3n y al Coordinador. En temas de vigilancia, el Comit\u00e9 T\u00e9cnico informa al Comit\u00e9 de Vigilancia, y en casos de necesidad, ser\u00e1 el propio Comit\u00e9 T\u00e9cnico el adopte las decisiones oportunas en nombre del proyecto. El Comit\u00e9 T\u00e9cnico suele contactar a los L\u00edderes del Grupo para conocer el grado de avance, identificar posibles problemas y anticipar acciones correctoras si fuese necesario.<\/p>\n<p><strong>&#8211; Comit\u00e9 de Difusi\u00f3n:<\/strong> Este Comit\u00e9, compuesto por un representante de cada uno de los Beneficiarios que debe contar con experiencia previa en la tarea de difusi\u00f3n de los resultados de un proyecto, estar\u00e1 presidido por el Director de Difusi\u00f3n (Sra. Elena Tavlaki). El Comit\u00e9 de Difusi\u00f3n ser\u00e1 responsable de la estrategia global de difusi\u00f3n, la organizaci\u00f3n y el dise\u00f1o de las acciones de difusi\u00f3n adoptadas por los Beneficiarios, la evaluaci\u00f3n del impacto que la estrategia pudiera tener sobre el p\u00fablico destinatario, la evaluaci\u00f3n de los datos de difusi\u00f3n, de la p\u00e1gina web del proyecto y de la eficiencia de la red, y finalmente del desarrollo de v\u00ednculos con importantes organizaciones europeas a fin de optimizar los esfuerzos de difusi\u00f3n. Adem\u00e1s, el Comit\u00e9 de Difusi\u00f3n cooperar\u00e1 con el Beneficiario responsable de la actuaci\u00f3n 12 (Signosis Sprl.) en la preparaci\u00f3n de un \u201cPlan de Comunicaci\u00f3n <em>After-LIFE+<\/em>\u201d dirigido a una difusi\u00f3n activa de los resultados del proyecto a la conclusi\u00f3n de este.<\/p>\n<p><strong>&#8211; L\u00edderes del Grupo de Beneficiarios<\/strong>: Son los responsables de asegurar una gesti\u00f3n t\u00e9cnica y financiera integrada y coherente, de planificar, de vigilar y comunicar sus actuaciones, as\u00ed como de lograr una ejecuci\u00f3n correcta y amplia de estas.<\/p>\n","protected":false},"excerpt":{"rendered":"<p>Beneficiario responsable: Universidad t\u00e9cnica de Creta La vigilancia del proyecto tendr\u00e1 una duraci\u00f3n de 48 meses (duraci\u00f3n completa del proyecto) y se organizar\u00e1 en cinco niveles: el Comit\u00e9 de Direcci\u00f3n, el Comit\u00e9 de Vigilancia, el Comit\u00e9 T\u00e9cnico, el Comit\u00e9 de Difusi\u00f3n y los L\u00edderes del Grupo de Beneficiarios (Fig. 2). El objetivo es medir y [&hellip;]<\/p>\n","protected":false},"author":1,"featured_media":0,"parent":35,"menu_order":0,"comment_status":"open","ping_status":"open","template":"","meta":[],"_links":{"self":[{"href":"https:\/\/es.wastereuse.eu\/index.php?rest_route=\/wp\/v2\/pages\/152"}],"collection":[{"href":"https:\/\/es.wastereuse.eu\/index.php?rest_route=\/wp\/v2\/pages"}],"about":[{"href":"https:\/\/es.wastereuse.eu\/index.php?rest_route=\/wp\/v2\/types\/page"}],"author":[{"embeddable":true,"href":"https:\/\/es.wastereuse.eu\/index.php?rest_route=\/wp\/v2\/users\/1"}],"replies":[{"embeddable":true,"href":"https:\/\/es.wastereuse.eu\/index.php?rest_route=%2Fwp%2Fv2%2Fcomments&post=152"}],"version-history":[{"count":3,"href":"https:\/\/es.wastereuse.eu\/index.php?rest_route=\/wp\/v2\/pages\/152\/revisions"}],"predecessor-version":[{"id":164,"href":"https:\/\/es.wastereuse.eu\/index.php?rest_route=\/wp\/v2\/pages\/152\/revisions\/164"}],"up":[{"embeddable":true,"href":"https:\/\/es.wastereuse.eu\/index.php?rest_route=\/wp\/v2\/pages\/35"}],"wp:attachment":[{"href":"https:\/\/es.wastereuse.eu\/index.php?rest_route=%2Fwp%2Fv2%2Fmedia&parent=152"}],"curies":[{"name":"wp","href":"https:\/\/api.w.org\/{rel}","templated":true}]}}