{"id":231,"date":"2013-09-29T20:58:35","date_gmt":"2013-09-29T20:58:35","guid":{"rendered":"http:\/\/www.wastereuse.eu\/es\/?page_id=231"},"modified":"2013-10-25T12:29:49","modified_gmt":"2013-10-25T12:29:49","slug":"actuacion-11-vigilancia-del-proyecto","status":"publish","type":"page","link":"https:\/\/es.wastereuse.eu\/?page_id=231","title":{"rendered":"ACTUACI\u00d3N 11: Vigilancia del proyecto"},"content":{"rendered":"<p>La supervisi\u00f3n del proyecto tendr\u00e1 una duraci\u00f3n de 48 meses (igual a la duraci\u00f3n total del proyecto) y las entregas relacionadas con esta acci\u00f3n se limitan a los socios del Consorcio y a los agentes de LIFE.<\/p>\n","protected":false},"excerpt":{"rendered":"<p>La supervisi\u00f3n del proyecto tendr\u00e1 una duraci\u00f3n de 48 meses (igual a la duraci\u00f3n total del proyecto) y las entregas relacionadas con esta acci\u00f3n se limitan a los socios del Consorcio y a los agentes de LIFE.<\/p>\n","protected":false},"author":1,"featured_media":0,"parent":177,"menu_order":110,"comment_status":"open","ping_status":"open","template":"","meta":[],"_links":{"self":[{"href":"https:\/\/es.wastereuse.eu\/index.php?rest_route=\/wp\/v2\/pages\/231"}],"collection":[{"href":"https:\/\/es.wastereuse.eu\/index.php?rest_route=\/wp\/v2\/pages"}],"about":[{"href":"https:\/\/es.wastereuse.eu\/index.php?rest_route=\/wp\/v2\/types\/page"}],"author":[{"embeddable":true,"href":"https:\/\/es.wastereuse.eu\/index.php?rest_route=\/wp\/v2\/users\/1"}],"replies":[{"embeddable":true,"href":"https:\/\/es.wastereuse.eu\/index.php?rest_route=%2Fwp%2Fv2%2Fcomments&post=231"}],"version-history":[{"count":2,"href":"https:\/\/es.wastereuse.eu\/index.php?rest_route=\/wp\/v2\/pages\/231\/revisions"}],"predecessor-version":[{"id":276,"href":"https:\/\/es.wastereuse.eu\/index.php?rest_route=\/wp\/v2\/pages\/231\/revisions\/276"}],"up":[{"embeddable":true,"href":"https:\/\/es.wastereuse.eu\/index.php?rest_route=\/wp\/v2\/pages\/177"}],"wp:attachment":[{"href":"https:\/\/es.wastereuse.eu\/index.php?rest_route=%2Fwp%2Fv2%2Fmedia&parent=231"}],"curies":[{"name":"wp","href":"https:\/\/api.w.org\/{rel}","templated":true}]}}